{"id":3646,"date":"2016-01-16T23:41:28","date_gmt":"2016-01-16T21:41:28","guid":{"rendered":"http:\/\/vulpifive.com\/?page_id=3646"},"modified":"2016-01-17T19:31:03","modified_gmt":"2016-01-17T17:31:03","slug":"avant-propos-2016","status":"publish","type":"page","link":"https:\/\/vulpifive.com\/?page_id=3646","title":{"rendered":"Avant-propos 2016"},"content":{"rendered":"<p>Jamais 2 sans 3! <\/p>\n<p>Le petit r\u00eave que Jean-Mi gardait dans un coin de sa t\u00eate a pris le dessus sur notre projet naissant d&#8217;Islande : nous partons au pays de Microsoft, quoi de mieux pour un informaticien!<\/p>\n<p>Eh oui, Seattle, le Nord-Ouest am\u00e9ricain (Washington, Oregon et Californie du Nord), ce sera pour ao\u00fbt 2016!<\/p>\n<p>Quelques points communs avec l&#8217;Islande tout de m\u00eame : la r\u00e9gion est r\u00e9put\u00e9e pluvieuse (\u00e0 tel point qu&#8217;on y trouve des for\u00eats tropicales)! Des volcans, des fumerolles, des sources chaudes, des chutes d&#8217;eau \u00e0 gogo, voil\u00e0 ce qui nous attend, mais pas que&#8230;<\/p>\n<p>Alors, embarquez avec nous!<\/p>\n","protected":false},"excerpt":{"rendered":"<p>Jamais 2 sans 3! Le petit r\u00eave que Jean-Mi gardait dans un coin de sa t\u00eate a pris le dessus sur notre projet naissant d&#8217;Islande : nous partons au pays <a class=\"more-link\" href=\"https:\/\/vulpifive.com\/?page_id=3646\">Continue Reading &rarr;<\/a><\/p>\n","protected":false},"author":4,"featured_media":0,"parent":0,"menu_order":0,"comment_status":"closed","ping_status":"closed","template":"","meta":{"_s2mail":"","footnotes":""},"_links":{"self":[{"href":"https:\/\/vulpifive.com\/index.php?rest_route=\/wp\/v2\/pages\/3646"}],"collection":[{"href":"https:\/\/vulpifive.com\/index.php?rest_route=\/wp\/v2\/pages"}],"about":[{"href":"https:\/\/vulpifive.com\/index.php?rest_route=\/wp\/v2\/types\/page"}],"author":[{"embeddable":true,"href":"https:\/\/vulpifive.com\/index.php?rest_route=\/wp\/v2\/users\/4"}],"replies":[{"embeddable":true,"href":"https:\/\/vulpifive.com\/index.php?rest_route=%2Fwp%2Fv2%2Fcomments&post=3646"}],"version-history":[{"count":3,"href":"https:\/\/vulpifive.com\/index.php?rest_route=\/wp\/v2\/pages\/3646\/revisions"}],"predecessor-version":[{"id":3654,"href":"https:\/\/vulpifive.com\/index.php?rest_route=\/wp\/v2\/pages\/3646\/revisions\/3654"}],"wp:attachment":[{"href":"https:\/\/vulpifive.com\/index.php?rest_route=%2Fwp%2Fv2%2Fmedia&parent=3646"}],"curies":[{"name":"wp","href":"https:\/\/api.w.org\/{rel}","templated":true}]}}